{"id":98,"date":"2011-08-25T21:58:40","date_gmt":"2011-08-25T19:58:40","guid":{"rendered":"http:\/\/reitportraits.toewe-rendsburg.de\/?page_id=98"},"modified":"2014-08-26T18:25:46","modified_gmt":"2014-08-26T16:25:46","slug":"angebotpreise","status":"publish","type":"page","link":"http:\/\/www.mittelpunkt-pferd-sh.de\/?page_id=98","title":{"rendered":"Pferdetaping"},"content":{"rendered":"<p><a href=\"http:\/\/www.toewe-rendsburg.de\/wordpress\/wp-content\/uploads\/2011\/08\/TapingKopf.jpg\"><img loading=\"lazy\" decoding=\"async\" class=\"alignleft size-medium wp-image-363\" src=\"http:\/\/www.toewe-rendsburg.de\/wordpress\/wp-content\/uploads\/2011\/08\/TapingKopf-300x199.jpg\" alt=\"TapingKopf\" width=\"300\" height=\"199\" srcset=\"http:\/\/www.mittelpunkt-pferd-sh.de\/wp-content\/uploads\/2011\/08\/TapingKopf-300x199.jpg 300w, http:\/\/www.mittelpunkt-pferd-sh.de\/wp-content\/uploads\/2011\/08\/TapingKopf-451x300.jpg 451w, http:\/\/www.mittelpunkt-pferd-sh.de\/wp-content\/uploads\/2011\/08\/TapingKopf-120x80.jpg 120w, http:\/\/www.mittelpunkt-pferd-sh.de\/wp-content\/uploads\/2011\/08\/TapingKopf.jpg 900w\" sizes=\"auto, (max-width: 300px) 100vw, 300px\" \/><\/a>Durch den Einsatz der<b> Pferdetapes<\/b> werden das Nervensystem und das zirkulatorische System der Perde angesprochen.<\/p>\n<p>Ich nutze Pferdetaping auch als Erg\u00e4nzung und begleitende Ma\u00dfnahme zu meinen osteotherapeutischen Behandlungen. Das Pferdetape gew\u00e4hrleistet weiterhin die volle Beweglichkeit der Pferde entlastet jedoch die Muskeln und Sehnen der behandelten Bereiche und f\u00f6rdert so den Genesungsprozess des Pferdes.<\/p>\n<p><a href=\"http:\/\/www.toewe-rendsburg.de\/wordpress\/wp-content\/uploads\/2011\/08\/TapingBein.jpg\"><img loading=\"lazy\" decoding=\"async\" class=\"alignleft size-medium wp-image-364\" src=\"http:\/\/www.toewe-rendsburg.de\/wordpress\/wp-content\/uploads\/2011\/08\/TapingBein-300x199.jpg\" alt=\"TapingBein\" width=\"300\" height=\"199\" srcset=\"http:\/\/www.mittelpunkt-pferd-sh.de\/wp-content\/uploads\/2011\/08\/TapingBein-300x199.jpg 300w, http:\/\/www.mittelpunkt-pferd-sh.de\/wp-content\/uploads\/2011\/08\/TapingBein-451x300.jpg 451w, http:\/\/www.mittelpunkt-pferd-sh.de\/wp-content\/uploads\/2011\/08\/TapingBein-120x80.jpg 120w, http:\/\/www.mittelpunkt-pferd-sh.de\/wp-content\/uploads\/2011\/08\/TapingBein.jpg 900w\" sizes=\"auto, (max-width: 300px) 100vw, 300px\" \/><\/a><\/p>\n","protected":false},"excerpt":{"rendered":"<p>Durch den Einsatz der Pferdetapes werden das Nervensystem und das zirkulatorische System der Perde angesprochen. Ich nutze Pferdetaping auch als Erg\u00e4nzung und begleitende Ma\u00dfnahme zu meinen osteotherapeutischen Behandlungen. Das Pferdetape gew\u00e4hrleistet weiterhin die volle Beweglichkeit der Pferde entlastet jedoch die &hellip; <a href=\"http:\/\/www.mittelpunkt-pferd-sh.de\/?page_id=98\">Weiterlesen <span class=\"meta-nav\">&rarr;<\/span><\/a><\/p>\n","protected":false},"author":1,"featured_media":363,"parent":0,"menu_order":8,"comment_status":"closed","ping_status":"closed","template":"","meta":{"footnotes":""},"class_list":["post-98","page","type-page","status-publish","has-post-thumbnail","hentry"],"_links":{"self":[{"href":"http:\/\/www.mittelpunkt-pferd-sh.de\/index.php?rest_route=\/wp\/v2\/pages\/98","targetHints":{"allow":["GET"]}}],"collection":[{"href":"http:\/\/www.mittelpunkt-pferd-sh.de\/index.php?rest_route=\/wp\/v2\/pages"}],"about":[{"href":"http:\/\/www.mittelpunkt-pferd-sh.de\/index.php?rest_route=\/wp\/v2\/types\/page"}],"author":[{"embeddable":true,"href":"http:\/\/www.mittelpunkt-pferd-sh.de\/index.php?rest_route=\/wp\/v2\/users\/1"}],"replies":[{"embeddable":true,"href":"http:\/\/www.mittelpunkt-pferd-sh.de\/index.php?rest_route=%2Fwp%2Fv2%2Fcomments&post=98"}],"version-history":[{"count":0,"href":"http:\/\/www.mittelpunkt-pferd-sh.de\/index.php?rest_route=\/wp\/v2\/pages\/98\/revisions"}],"wp:featuredmedia":[{"embeddable":true,"href":"http:\/\/www.mittelpunkt-pferd-sh.de\/index.php?rest_route=\/wp\/v2\/media\/363"}],"wp:attachment":[{"href":"http:\/\/www.mittelpunkt-pferd-sh.de\/index.php?rest_route=%2Fwp%2Fv2%2Fmedia&parent=98"}],"curies":[{"name":"wp","href":"https:\/\/api.w.org\/{rel}","templated":true}]}}